{"id":957,"date":"2021-02-10T14:30:34","date_gmt":"2021-02-10T13:30:34","guid":{"rendered":"https:\/\/www.professor-technikus.de\/?page_id=957"},"modified":"2025-06-09T13:12:25","modified_gmt":"2025-06-09T11:12:25","slug":"projektwochen","status":"publish","type":"page","link":"https:\/\/www.professor-technikus.de\/?page_id=957","title":{"rendered":"Projektwochen"},"content":{"rendered":"\n<p>Sie planen f\u00fcr eine ganze Klasse, f\u00fcr eine Jahrgangsstufe oder f\u00fcr Ihre ganze Schule Projekttage oder eine Projektwoche zum Thema &#8222;Technik und Naturwissenschaft&#8220;?<br>Dann lautet das Motto &#8222;KNuT-kommt&#8220; gern zu Ihnen an die Schule!<\/p>\n\n\n\n<p>Alles Infos hier zusammengefasst:<\/p>\n\n\n\n<div class=\"wp-block-file\"><a href=\"https:\/\/www.professor-technikus.de\/wp-content\/uploads\/Flyer-Projektwoche-KNuT-kommt.pdf\">Flyer-Projektwoche-KNuT-kommt<\/a><a href=\"https:\/\/www.professor-technikus.de\/wp-content\/uploads\/Flyer-Projektwoche-KNuT-kommt.pdf\" class=\"wp-block-file__button\" download>Herunterladen<\/a><\/div>\n\n\n\n<h4 class=\"has-text-color\" style=\"color:#2200a3\">### Aktuelle Information f\u00fcr 2025\/2026 ###<\/h4>\n\n\n\n<p class=\"has-text-color\" style=\"color:#2200a3\"><strong>Leider k\u00f6nnen wir f\u00fcr 2025\/2026 keine Termine mehr f\u00fcr Projektwochen<\/strong> <strong>anbieten.<\/strong> <strong>Bitte pr\u00fcfen Sie gern unsere alternativen M\u00f6glichkeiten, wie z.B. unsere <a href=\"https:\/\/www.professor-technikus.de\/?page_id=930\" data-type=\"page\" data-id=\"930\">P\u00e4dagogischen Tage bzw. Lehrendenfortbildungen<\/a>.<\/strong><\/p>\n\n\n\n<h4 class=\"has-text-color\" style=\"color:#2200a3\">### Ende aktuelle Informationen ###<\/h4>\n\n\n\n<h2>Wir bringen alles mit!<\/h2>\n\n\n\n<p>Gern unterst\u00fctzen wir Sie bei einem solchen Projekt und versorgen Ihre Schule mit \u00fcber 100 klassentauglichen Experiment-Stationen. Dazu richten wir an Ihrer Schule <a href=\"https:\/\/www.professor-technikus.de\/?page_id=952\" data-type=\"page\" data-id=\"952\" target=\"_blank\" rel=\"noreferrer noopener\"><strong>Themenr\u00e4ume<\/strong> <\/a>ein, die die Sch\u00fclergruppen im Wechsel durchlaufen. Professor Technikus und sein Team begleiten Sie dabei.<\/p>\n\n\n\n<figure class=\"wp-block-gallery columns-3 is-cropped\"><ul class=\"blocks-gallery-grid\"><li class=\"blocks-gallery-item\"><figure><img loading=\"lazy\" width=\"800\" height=\"640\" src=\"https:\/\/www.professor-technikus.de\/wp-content\/uploads\/DSC_9301-Bruecke.jpg\" alt=\"\" data-id=\"1015\" data-link=\"https:\/\/www.professor-technikus.de\/?attachment_id=1015\" class=\"wp-image-1015\" srcset=\"https:\/\/www.professor-technikus.de\/wp-content\/uploads\/DSC_9301-Bruecke.jpg 800w, https:\/\/www.professor-technikus.de\/wp-content\/uploads\/DSC_9301-Bruecke-300x240.jpg 300w, https:\/\/www.professor-technikus.de\/wp-content\/uploads\/DSC_9301-Bruecke-768x614.jpg 768w\" sizes=\"(max-width: 800px) 100vw, 800px\" \/><\/figure><\/li><li class=\"blocks-gallery-item\"><figure><img loading=\"lazy\" width=\"800\" height=\"622\" src=\"https:\/\/www.professor-technikus.de\/wp-content\/uploads\/DSC_4025-Murmelbahn.jpg\" alt=\"\" data-id=\"1016\" data-link=\"https:\/\/www.professor-technikus.de\/?attachment_id=1016\" class=\"wp-image-1016\" srcset=\"https:\/\/www.professor-technikus.de\/wp-content\/uploads\/DSC_4025-Murmelbahn.jpg 800w, https:\/\/www.professor-technikus.de\/wp-content\/uploads\/DSC_4025-Murmelbahn-300x233.jpg 300w, https:\/\/www.professor-technikus.de\/wp-content\/uploads\/DSC_4025-Murmelbahn-768x597.jpg 768w\" sizes=\"(max-width: 800px) 100vw, 800px\" \/><\/figure><\/li><li class=\"blocks-gallery-item\"><figure><img loading=\"lazy\" width=\"800\" height=\"630\" src=\"https:\/\/www.professor-technikus.de\/wp-content\/uploads\/DSC_9329-cut-Bogenbruecke.jpg\" alt=\"\" data-id=\"1017\" data-full-url=\"https:\/\/www.professor-technikus.de\/wp-content\/uploads\/DSC_9329-cut-Bogenbruecke.jpg\" data-link=\"https:\/\/www.professor-technikus.de\/?attachment_id=1017\" class=\"wp-image-1017\" srcset=\"https:\/\/www.professor-technikus.de\/wp-content\/uploads\/DSC_9329-cut-Bogenbruecke.jpg 800w, https:\/\/www.professor-technikus.de\/wp-content\/uploads\/DSC_9329-cut-Bogenbruecke-300x236.jpg 300w, https:\/\/www.professor-technikus.de\/wp-content\/uploads\/DSC_9329-cut-Bogenbruecke-768x605.jpg 768w\" sizes=\"(max-width: 800px) 100vw, 800px\" \/><figcaption class=\"blocks-gallery-item__caption\">Fotos: C. Krause<\/figcaption><\/figure><\/li><\/ul><\/figure>\n\n\n\n<p>Alle Experimente sind kindgerecht aufbereitet und so gew\u00e4hlt, dass alle Beteiligten (Sch\u00fcler, Lehrer, Betreuer) die Technik-Themen spielerisch erkunden und dabei viel Spa\u00df haben. Es gibt viel zu entdecken, zu erforschen, zu bauen und zu konstruieren.<\/p>\n\n\n\n<p>Eine gro\u00dfe <a rel=\"noreferrer noopener\" href=\"https:\/\/www.professor-technikus.de\/?page_id=919\" data-type=\"page\" data-id=\"919\" target=\"_blank\"><strong>Forschershow<\/strong> <\/a>schlie\u00dft die spannende Projektwoche ab.<\/p>\n\n\n\n<figure class=\"wp-block-gallery columns-2 is-cropped\"><ul class=\"blocks-gallery-grid\"><li class=\"blocks-gallery-item\"><figure><img loading=\"lazy\" width=\"800\" height=\"530\" src=\"https:\/\/www.professor-technikus.de\/wp-content\/uploads\/004x-DSC_4335-Aula-Show-1.jpg\" alt=\"\" data-id=\"1019\" data-link=\"https:\/\/www.professor-technikus.de\/?attachment_id=1019\" class=\"wp-image-1019\" srcset=\"https:\/\/www.professor-technikus.de\/wp-content\/uploads\/004x-DSC_4335-Aula-Show-1.jpg 800w, https:\/\/www.professor-technikus.de\/wp-content\/uploads\/004x-DSC_4335-Aula-Show-1-300x199.jpg 300w, https:\/\/www.professor-technikus.de\/wp-content\/uploads\/004x-DSC_4335-Aula-Show-1-768x509.jpg 768w\" sizes=\"(max-width: 800px) 100vw, 800px\" \/><\/figure><\/li><li class=\"blocks-gallery-item\"><figure><img loading=\"lazy\" width=\"800\" height=\"512\" src=\"https:\/\/www.professor-technikus.de\/wp-content\/uploads\/008x-IMG_0250-Turnhalle-show-1.jpg\" alt=\"\" data-id=\"1020\" data-full-url=\"https:\/\/www.professor-technikus.de\/wp-content\/uploads\/008x-IMG_0250-Turnhalle-show-1.jpg\" data-link=\"https:\/\/www.professor-technikus.de\/?attachment_id=1020\" class=\"wp-image-1020\" srcset=\"https:\/\/www.professor-technikus.de\/wp-content\/uploads\/008x-IMG_0250-Turnhalle-show-1.jpg 800w, https:\/\/www.professor-technikus.de\/wp-content\/uploads\/008x-IMG_0250-Turnhalle-show-1-300x192.jpg 300w, https:\/\/www.professor-technikus.de\/wp-content\/uploads\/008x-IMG_0250-Turnhalle-show-1-768x492.jpg 768w\" sizes=\"(max-width: 800px) 100vw, 800px\" \/><figcaption class=\"blocks-gallery-item__caption\">Fotos: K. Rehse<\/figcaption><\/figure><\/li><\/ul><\/figure>\n\n\n\n<h2>Wieviel darf&#8217;s denn sein?<\/h2>\n\n\n\n<p>Wir gehen flexibel auf Ihre W\u00fcnsche ein und stimmen mit Ihnen gemeinsam ab, welchen Umfang die Projekttage bzw. die Projektwoche haben soll:<\/p>\n\n\n\n<ul><li>Wieviele Sch\u00fcler sollen beteiligt sein (Klasse, Jahrgangsstufe, die ganze Schule oder spezielle Gruppen)?<\/li><li>K\u00f6nnen die Kinder im Klassenverband bleiben oder sollen sie jahrgangs\u00fcbergreifend forschen?<\/li><li>Wieviele Projekttage sind geplant?<\/li><li>Wieviele Bl\u00f6cke (Doppelstunden) sind pro Tag gew\u00fcnscht?<\/li><li>Welche R\u00e4ume stehen zur Verf\u00fcgung, insbesondere f\u00fcr die Einf\u00fchrungsveranstaltung und die finale Forschershow?<\/li><\/ul>\n\n\n\n<h2>Beispiele f\u00fcr typische Projektwochen<\/h2>\n\n\n\n<p><strong>Eine kleine Projektwoche mit 3 Bl\u00f6cken pro Tag:<\/strong><\/p>\n\n\n\n<figure class=\"wp-block-image size-large\"><img loading=\"lazy\" width=\"1024\" height=\"611\" src=\"https:\/\/www.professor-technikus.de\/wp-content\/uploads\/Projektwoche-klein-1024x611.png\" alt=\"Stundenplan Kleine Projektwoche\" class=\"wp-image-971\" srcset=\"https:\/\/www.professor-technikus.de\/wp-content\/uploads\/Projektwoche-klein-1024x611.png 1024w, https:\/\/www.professor-technikus.de\/wp-content\/uploads\/Projektwoche-klein-300x179.png 300w, https:\/\/www.professor-technikus.de\/wp-content\/uploads\/Projektwoche-klein-768x458.png 768w, https:\/\/www.professor-technikus.de\/wp-content\/uploads\/Projektwoche-klein.png 1187w\" sizes=\"(max-width: 1024px) 100vw, 1024px\" \/><\/figure>\n\n\n\n<p>Jedes Kind besucht an den ersten beiden Tagen im Wechsel verschiedene <a rel=\"noreferrer noopener\" href=\"https:\/\/www.professor-technikus.de\/?page_id=952\" data-type=\"page\" data-id=\"952\" target=\"_blank\"><strong>Themenr\u00e4ume<\/strong> <\/a>und lernt auf diese Weise f\u00fcnf (von insgesamt 8-10) verschiedenen Technik-Themen kennen. Am dritten Tag vertieft jede Gruppe\/Klasse ein Thema mit weiterf\u00fchrenden Experimenten. Eine Forschershow f\u00fcr alle beteiligten Kinder schlie\u00dft die Projektwoche ab.<\/p>\n\n\n\n<p><strong>Eine gro\u00dfe Projektwoche mit 3 Bl\u00f6cken pro Tag:<\/strong><\/p>\n\n\n\n<figure class=\"wp-block-image size-large\"><img loading=\"lazy\" width=\"1024\" height=\"679\" src=\"https:\/\/www.professor-technikus.de\/wp-content\/uploads\/Projektwoche-gross-1024x679.png\" alt=\"Stundenplan Projektwoche gro\u00df\" class=\"wp-image-973\" srcset=\"https:\/\/www.professor-technikus.de\/wp-content\/uploads\/Projektwoche-gross-1024x679.png 1024w, https:\/\/www.professor-technikus.de\/wp-content\/uploads\/Projektwoche-gross-300x199.png 300w, https:\/\/www.professor-technikus.de\/wp-content\/uploads\/Projektwoche-gross-768x509.png 768w, https:\/\/www.professor-technikus.de\/wp-content\/uploads\/Projektwoche-gross.png 1187w\" sizes=\"(max-width: 1024px) 100vw, 1024px\" \/><\/figure>\n\n\n\n<p>Auch hier besucht jedes Kind an den ersten beiden Tagen im Wechsel verschiedene <a rel=\"noreferrer noopener\" href=\"https:\/\/www.professor-technikus.de\/?page_id=952\" data-type=\"page\" data-id=\"952\" target=\"_blank\"><strong>Themenr\u00e4ume<\/strong> <\/a>und lernt auf diese Weise f\u00fcnf (von insgesamt 8-10) verschiedenen Technik-Themen kennen. Ab dem dritten Tag vertieft jede Gruppe\/Klasse ein Thema mit weiterf\u00fchrenden Experimenten. Jedes Kind bastelt dabei auch ein Exponat f\u00fcr die abschlie\u00dfende Technik-Ausstellung. <br>Eine gro\u00dfe Forschershow beendet auch hier die spannende Projektwoche.<\/p>\n\n\n\n<figure class=\"wp-block-gallery columns-2 is-cropped\"><ul class=\"blocks-gallery-grid\"><li class=\"blocks-gallery-item\"><figure><img loading=\"lazy\" width=\"800\" height=\"521\" src=\"https:\/\/www.professor-technikus.de\/wp-content\/uploads\/009x-IMG_0262-Show-Turnhalle-1.jpg\" alt=\"\" data-id=\"1021\" data-link=\"https:\/\/www.professor-technikus.de\/?attachment_id=1021\" class=\"wp-image-1021\" srcset=\"https:\/\/www.professor-technikus.de\/wp-content\/uploads\/009x-IMG_0262-Show-Turnhalle-1.jpg 800w, https:\/\/www.professor-technikus.de\/wp-content\/uploads\/009x-IMG_0262-Show-Turnhalle-1-300x195.jpg 300w, https:\/\/www.professor-technikus.de\/wp-content\/uploads\/009x-IMG_0262-Show-Turnhalle-1-768x500.jpg 768w\" sizes=\"(max-width: 800px) 100vw, 800px\" \/><\/figure><\/li><li class=\"blocks-gallery-item\"><figure><img loading=\"lazy\" width=\"800\" height=\"531\" src=\"https:\/\/www.professor-technikus.de\/wp-content\/uploads\/005x-DSC_4372-Show-Aula-1.jpg\" alt=\"\" data-id=\"1022\" data-full-url=\"https:\/\/www.professor-technikus.de\/wp-content\/uploads\/005x-DSC_4372-Show-Aula-1.jpg\" data-link=\"https:\/\/www.professor-technikus.de\/?attachment_id=1022\" class=\"wp-image-1022\" srcset=\"https:\/\/www.professor-technikus.de\/wp-content\/uploads\/005x-DSC_4372-Show-Aula-1.jpg 800w, https:\/\/www.professor-technikus.de\/wp-content\/uploads\/005x-DSC_4372-Show-Aula-1-300x199.jpg 300w, https:\/\/www.professor-technikus.de\/wp-content\/uploads\/005x-DSC_4372-Show-Aula-1-768x510.jpg 768w\" sizes=\"(max-width: 800px) 100vw, 800px\" \/><figcaption class=\"blocks-gallery-item__caption\">Fotos: K. Rehse<\/figcaption><\/figure><\/li><\/ul><\/figure>\n\n\n\n<p>Auf Wunsch m\u00fcnden am Ende der Projektwoche die ganzen Experimente in einer XXL-Forschershow. Hier k\u00f6nnen die Kinder zeigen, was sie in der Woche Spannendes erlebt und gelernt haben. Unter dem Motto \u201eDas kannst Du auch!\u201c zeigen alle Kinder dem interessierten Publikum aus Eltern, Gro\u00dfeltern, Geschwistern und Freunden spannende Live-Experimente. Jedes Kind hat dabei eine Rolle\/Aufgabe und f\u00fchrt etwas vor! Je nach Sch\u00fclerzahl k\u00f6nnen hier auch zwei Shows durchgef\u00fchrt werden.<br>Eine solche \u00f6ffentlichkeitswirksame Show bietet Ihnen auch sehr gute M\u00f6glichkeiten f\u00fcr die Refinanzierung der Projektwoche!<\/p>\n\n\n\n<h2>Organisatorisches<\/h2>\n\n\n\n<p>Gern kommen wir an Ihre Schule, um ein unverbindliches Informationsgespr\u00e4ch zu f\u00fchren. Hier kl\u00e4ren wir den Umfang der gew\u00fcnschten Projektwoche (Anzahl der Projekttage, Stundenzahl, beteiligte Sch\u00fcler, etc.) und die vorhandenen M\u00f6glichkeiten (R\u00e4ume, Personal, etc.).<br>Um Ihren Wunschtermin f\u00fcr die Projektwoche m\u00f6glich zu machen, ist die fr\u00fchzeitige Terminfestlegung besonders wichtig. Auf Basis dieses Gespr\u00e4ches unterbreiten wir Ihnen gern ein detailliertes Angebot.<br>Gern stellen wir auch M\u00f6glichkeiten f\u00fcr Ihren F\u00f6rderverein vor, das Projekt zu finanzieren.<\/p>\n\n\n\n<p>Der organisatorische Ablauf:<\/p>\n\n\n\n<ul><li>Nach Auftragsvergabe kl\u00e4ren wir ca. 3-6 Monate vor der Projektwoche die Details, u.a. die Raumverteilung, den Ablauf, den Personalbedarf, die Liste der Sammelmaterialien (Recycling-Wertstoffe aus dem Alltag) und die Rahmenbedingungen f\u00fcr die Forschershow.<\/li><li>In einer Vorbesprechung vor Ort informieren wir das Lehrpersonal in der Woche vor der Projektwoche \u00fcber den genauen Ablauf, f\u00fchren sie in die technischen Themengebiete ein und verteilen die Zust\u00e4ndigkeiten f\u00fcr die Themengebiete bzw. -r\u00e4ume.<\/li><li>Die Schule stellt die Klassenr\u00e4ume zur Verf\u00fcgung und stellt sicher, dass die Materialien am Nachmittag aufgebaut bleiben k\u00f6nnen.<\/li><li>Die anwesenden Lehrer und Referendare stellen ihre Arbeitskraft f\u00fcr diese Woche zur Verf\u00fcgung (normale Schulzeit). Weitere ehrenamtliche Helfer (Eltern, Gro\u00dfeltern, Inklusionshelfer, Erzieher, pensionierte Lehrer, Lehramtsanw\u00e4rter, Praktikanten etc.) sind eine gro\u00dfe Unterst\u00fctzung.<\/li><li>Die Anlieferung und Verteilung des gesamten Materials und der Forscherkisten, die Vorbereitung der Themenr\u00e4ume (Tische gruppieren) sowie der Aufbau in Turnhalle\/Aula f\u00fcr die Forschershow erfolgen idealerweise am Vortag der Projektwoche.<\/li><li>Am letzten Tag erfolgt parallel zur letzten Forschershow das Aufr\u00e4umen und der Abbau der Themenr\u00e4ume. Der Abtransport des gesamten Materials erfolgt im Anschluss an die letzte Forschershow.<\/li><\/ul>\n\n\n\n<h2>Aufgaben der Schule<\/h2>\n\n\n\n<p>Das KNuT-kommt-Team freut sich darauf, mit Ihnen ein paar spannende Tage zu erleben. Damit alles reibungslos funktionieren kann, ben\u00f6tigen wir die Unterst\u00fctzung Ihrer Schule\/Einrichtung:<\/p>\n\n\n\n<ul><li>Die Betreuung der Experimentier-Stationen bzw. der Themenr\u00e4ume erfolgt durch Ihr Lehrpersonal und durch weitere Helfer (s.o.). Ein Lehrer ist jeweils Ansprechpartner f\u00fcr einen Themenraum.<\/li><li>Bereitstellung von \u201eTrage-Helfern\u201c zum Verteilen der Forscherkisten am ersten Tag (oder am Vortag) und zum Einsammeln der Kisten am letzten Tag (je ca. 1h)<\/li><li>Bereitstellung von \u00fcblichem Bastelwerkzeug pro Kind (Schere, Kleber, Tesa, Stifte, Wasserfarben, Pinsel)<\/li><li>F\u00fcr die zahlreichen Bastelprojekte sammelt die Schule im Vorfeld Recyclingmaterial, also Sammlung z.B. von Klopapierrollen, Tiefk\u00fchlpizza-Kartons, Medikamentenpackungen, Tetrapacks (gesp\u00fclt und ohne Deckel!), Tageszeitungen, Marmeladenglasdeckeln. Die ben\u00f6tigte Menge wird fr\u00fchzeitig mitgeteilt (da abh\u00e4ngig vom Gruppenwechsel in den R\u00e4umen).<\/li><li>F\u00fcr die Einf\u00fchrung am ersten Tag und die Forschershow am letzten Tag: Aufbau von Sitzpl\u00e4tzen im Saal bzw. in der Turnhalle\/Aula f\u00fcr das Publikum und Einrichtung eines B\u00fchnenbereichs.<\/li><li>Bereitstellung einer Mikrofon-\/Lautsprecheranlage, idealerweise ausgestattet mit 2 Headsets und einem Handmikrofon f\u00fcr die Einf\u00fchrung und f\u00fcr die Forschershow(s).<\/li><li>Eventuell entstehende GEMA-Geb\u00fchren und Energie- und Abfallkosten, sowie Kosten f\u00fcr notwendige Genehmigungen, Raummieten, Saaltechnik, Reinigung, Feuerwehr, medizinische Notfallversorgung etc.<\/li><li>Wir ben\u00f6tigen zudem einen schulnahen Parkplatz bzw. eine Zufahrtsm\u00f6glichkeit f\u00fcr die Materialanlieferung und den Abtransport.<\/li><\/ul>\n\n\n\n<h2>Unser Rundum-Sorglos-Paket<\/h2>\n\n\n\n<p>Wir kommen zu Ihnen in die Schule, und zwar mit allem Drum und Dran:<\/p>\n\n\n\n<ul><li>Planung und Vorbereitung der gesamten Projekttage und der Forschershows<\/li><li>Bereitstellung aller Experimente\/Stationen in den Themenr\u00e4umen (inkl. Laufzettel, Materialien, Hintergrundinformationen und Anleitungen).Wir stellen in allen Themenr\u00e4umen jeden Tag das Material, Hilfsmittel und Unterlagen bereit und k\u00fcmmern uns um den Nachschub.<\/li><li>Durchf\u00fchrung eines Vorbereitungs-\/Abstimmungstreffen in der Schule mit den beteiligten Betreuern und Helfern<\/li><li>Aufbauleitung und -unterst\u00fctzung, Betreuung und Abbau der Themenr\u00e4ume<\/li><li>Das KNuT-kommt-Team k\u00fcmmert sich um die komplette Logistik w\u00e4hrend der Projektwoche und fungiert auch als Probleml\u00f6ser\/Technischer Ansprechpartner. Dazu besucht &#8222;Professor Technikus&#8220; im dauernden Wechsel alle Themenr\u00e4ume und staunt und experimentiert hier und dort mit den Kindern gemeinsam. Hierbei dokumentiert er gern auch die Fortschritte per Foto.<\/li><li>Wir bieten eine t\u00e4gliche Nachbesprechung der Projekttage an, um evtl. auch eine Erg\u00e4nzung und\/oder Anpassung der Experimente\/Stationen vorzunehmen.<\/li><li>Moderation und Durchf\u00fchrung der Forschershow (inkl. Material), mit Beteiligung der Sch\u00fcler und des Publikums<\/li><\/ul>\n\n\n\n<p>F\u00fcr die gesamte Veranstaltung (Planung und Durchf\u00fchrung der Projekttage, inkl. Forschershows) stellen wir ein pauschales Honorar in Rechnung.<\/p>\n\n\n\n<p><strong>Weitere Informationen<\/strong>:<\/p>\n\n\n\n<div class=\"wp-block-file\"><a href=\"https:\/\/www.professor-technikus.de\/wp-content\/uploads\/Story-einer-Projektwoche-KNuT-kommt.pdf\">Story-einer-Projektwoche-KNuT-kommt<\/a><a href=\"https:\/\/www.professor-technikus.de\/wp-content\/uploads\/Story-einer-Projektwoche-KNuT-kommt.pdf\" class=\"wp-block-file__button\" download>Herunterladen<\/a><\/div>\n","protected":false},"excerpt":{"rendered":"<p>Sie planen f\u00fcr eine ganze Klasse, f\u00fcr eine Jahrgangsstufe oder f\u00fcr Ihre ganze Schule Projekttage oder eine Projektwoche zum Thema &#8222;Technik und Naturwissenschaft&#8220;?Dann lautet das Motto &#8222;KNuT-kommt&#8220; gern zu Ihnen an die Schule! Alles Infos hier zusammengefasst: ### Aktuelle Information f\u00fcr 2025\/2026 ### Leider k\u00f6nnen wir f\u00fcr 2025\/2026 keine Termine mehr f\u00fcr Projektwochen anbieten. Bitte&hellip; <a class=\"more-link\" href=\"https:\/\/www.professor-technikus.de\/?page_id=957\"><span class=\"screen-reader-text\">Projektwochen<\/span> weiterlesen<\/a><\/p>\n","protected":false},"author":1,"featured_media":0,"parent":863,"menu_order":4,"comment_status":"closed","ping_status":"closed","template":"","meta":[],"_links":{"self":[{"href":"https:\/\/www.professor-technikus.de\/index.php?rest_route=\/wp\/v2\/pages\/957"}],"collection":[{"href":"https:\/\/www.professor-technikus.de\/index.php?rest_route=\/wp\/v2\/pages"}],"about":[{"href":"https:\/\/www.professor-technikus.de\/index.php?rest_route=\/wp\/v2\/types\/page"}],"author":[{"embeddable":true,"href":"https:\/\/www.professor-technikus.de\/index.php?rest_route=\/wp\/v2\/users\/1"}],"replies":[{"embeddable":true,"href":"https:\/\/www.professor-technikus.de\/index.php?rest_route=%2Fwp%2Fv2%2Fcomments&post=957"}],"version-history":[{"count":8,"href":"https:\/\/www.professor-technikus.de\/index.php?rest_route=\/wp\/v2\/pages\/957\/revisions"}],"predecessor-version":[{"id":1104,"href":"https:\/\/www.professor-technikus.de\/index.php?rest_route=\/wp\/v2\/pages\/957\/revisions\/1104"}],"up":[{"embeddable":true,"href":"https:\/\/www.professor-technikus.de\/index.php?rest_route=\/wp\/v2\/pages\/863"}],"wp:attachment":[{"href":"https:\/\/www.professor-technikus.de\/index.php?rest_route=%2Fwp%2Fv2%2Fmedia&parent=957"}],"curies":[{"name":"wp","href":"https:\/\/api.w.org\/{rel}","templated":true}]}}