{"id":863,"date":"2021-01-27T15:32:29","date_gmt":"2021-01-27T14:32:29","guid":{"rendered":"https:\/\/www.professor-technikus.de\/?page_id=863"},"modified":"2021-03-13T14:41:16","modified_gmt":"2021-03-13T13:41:16","slug":"unsere-angebote","status":"publish","type":"page","link":"https:\/\/www.professor-technikus.de\/?page_id=863","title":{"rendered":"Unsere Angebote"},"content":{"rendered":"\n<p>Grundlage aller unserer Forscher-Angebote sind nat\u00fcrlich die Experimente. Spa\u00df am Spielen, Staunen, Humor und Ausprobieren stehen dabei an erster Stelle.<br>Unsere weit \u00fcber 100 Experimente &#8230;<\/p>\n\n\n\n<ul><li>sind kind- bzw. altersgerecht ausgew\u00e4hlt und aufbereitet <\/li><li>sind einfallsreich und abwechslungsreich <\/li><li>sind verspielt und witzig<\/li><li>besch\u00e4ftigen sich mit spannenden Themen <\/li><li>haben einen hohen Aufforderungscharakter <\/li><li>verwenden viele Alltagsmaterialien und Spielzeuge, sind vielfach erprobt<\/li><li>werden immer weiter verbessert und machen einfach Spa\u00df mit Technik<\/li><\/ul>\n\n\n\n<p>Wichtig ist uns, dass &#8230;<\/p>\n\n\n\n<ul><li>wir bei den Kindern die Neugier wecken <\/li><li>jedes Kind aktiv eingebunden ist <\/li><li>viel gebaut, gebastelt und gespielt wird <\/li><li>sich die Kinder in der Gruppe unterst\u00fctzen und gemeinsam forschen <\/li><li>das Ausprobieren vor dem Ergebnis-Erzielen steht<\/li><li>sich die Kinder gern an die Erfahrungen und die Experimente erinnern<\/li><\/ul>\n\n\n\n<h2 id=\"Tipps-und-Beratung\">Tipps und Beratung<\/h2>\n\n\n\n<p>Wir haben uns eine umfangreiche Sammlung an Experimenten und Forscherideen aufgebaut. Gern geben wir unsere Erfahrungen weiter. Ideal, wenn Sie zum Beispiel gerade dar\u00fcber nachdenken, eine Forscherecke einzurichten, oder MINT-Themen st\u00e4rken wollen.<\/p>\n\n\n\n<h2>Experimente als Erlebnis<\/h2>\n\n\n\n<p>Ausgew\u00e4hlte Experimente bieten sich f\u00fcr besondere Gelegenheiten wie Schul- oder Stra\u00dfenfeste an, gerade f\u00fcr &#8222;Laufkundschaft&#8220; eine spannende Unterhaltung . Hier kann jedes Kind selbst entscheiden, ob und wie lange es sich mit dem Technik-Thema besch\u00e4ftigen will. Erfahrungsgem\u00e4\u00df wird hier viel gebaut. Das k\u00f6nnen zum Beispiel gro\u00dfe Bauwerke aus Zeitungen, Bauklotzt\u00fcrme, LEGO\u00ae- oder fischertechnik-Baustellen oder Murmelbahnen seien. Auch hier unterst\u00fctzen wir gern mit Ideen und Material.<\/p>\n\n\n\n<figure class=\"wp-block-gallery columns-3 is-cropped\"><ul class=\"blocks-gallery-grid\"><li class=\"blocks-gallery-item\"><figure><img loading=\"lazy\" width=\"800\" height=\"546\" src=\"https:\/\/www.professor-technikus.de\/wp-content\/uploads\/DSC_0319-cut-Turmbau-1.jpg\" alt=\"\" data-id=\"1025\" data-link=\"https:\/\/www.professor-technikus.de\/?attachment_id=1025\" class=\"wp-image-1025\" srcset=\"https:\/\/www.professor-technikus.de\/wp-content\/uploads\/DSC_0319-cut-Turmbau-1.jpg 800w, https:\/\/www.professor-technikus.de\/wp-content\/uploads\/DSC_0319-cut-Turmbau-1-300x205.jpg 300w, https:\/\/www.professor-technikus.de\/wp-content\/uploads\/DSC_0319-cut-Turmbau-1-768x524.jpg 768w\" sizes=\"(max-width: 800px) 100vw, 800px\" \/><\/figure><\/li><li class=\"blocks-gallery-item\"><figure><img loading=\"lazy\" width=\"800\" height=\"611\" src=\"https:\/\/www.professor-technikus.de\/wp-content\/uploads\/DSC_4690-Gleiter.jpg\" alt=\"\" data-id=\"1026\" data-link=\"https:\/\/www.professor-technikus.de\/?attachment_id=1026\" class=\"wp-image-1026\" srcset=\"https:\/\/www.professor-technikus.de\/wp-content\/uploads\/DSC_4690-Gleiter.jpg 800w, https:\/\/www.professor-technikus.de\/wp-content\/uploads\/DSC_4690-Gleiter-300x229.jpg 300w, https:\/\/www.professor-technikus.de\/wp-content\/uploads\/DSC_4690-Gleiter-768x587.jpg 768w\" sizes=\"(max-width: 800px) 100vw, 800px\" \/><\/figure><\/li><li class=\"blocks-gallery-item\"><figure><img loading=\"lazy\" width=\"726\" height=\"800\" src=\"https:\/\/www.professor-technikus.de\/wp-content\/uploads\/DSC_0185-cut-Lego-Roboter.jpg\" alt=\"\" data-id=\"1027\" data-full-url=\"https:\/\/www.professor-technikus.de\/wp-content\/uploads\/DSC_0185-cut-Lego-Roboter.jpg\" data-link=\"https:\/\/www.professor-technikus.de\/?attachment_id=1027\" class=\"wp-image-1027\" srcset=\"https:\/\/www.professor-technikus.de\/wp-content\/uploads\/DSC_0185-cut-Lego-Roboter.jpg 726w, https:\/\/www.professor-technikus.de\/wp-content\/uploads\/DSC_0185-cut-Lego-Roboter-272x300.jpg 272w\" sizes=\"(max-width: 726px) 100vw, 726px\" \/><figcaption class=\"blocks-gallery-item__caption\">Fotos: C. Krause<\/figcaption><\/figure><\/li><\/ul><\/figure>\n\n\n\n<h2 id=\"forschershow\">Mitmach-Vortr\u00e4ge und Forschershows<\/h2>\n\n\n\n<p>Ein Highlight f\u00fcr jedes Schulfest, Stadtfest, Betriebsfeiern oder Museum sind unsere Wissenschaftsshows zum Mitmachen. Von 45 bis ca. 90 Minuten zeigen wir vor gr\u00f6\u00dferem Publikum unsere XXL-geeigneten Experimente. Der Clou dabei: Das Publikum (Kinder und Erwachsene) wird aktiv eingebunden und f\u00fchrt die Experimente durch. Hier gibt es garantiert viel zu staunen und zu lachen.<br>(Mehr Informationen unter <a rel=\"noreferrer noopener\" href=\"https:\/\/www.professor-technikus.de\/?page_id=919\" data-type=\"page\" data-id=\"919\" target=\"_blank\">Angebote\/Forschershows<\/a>)<\/p>\n\n\n\n<figure class=\"wp-block-gallery columns-3 is-cropped\"><ul class=\"blocks-gallery-grid\"><li class=\"blocks-gallery-item\"><figure><img loading=\"lazy\" width=\"800\" height=\"507\" src=\"https:\/\/www.professor-technikus.de\/wp-content\/uploads\/001x-DSC_4202-Buehne-Show-1.jpg\" alt=\"\" data-id=\"1028\" data-link=\"https:\/\/www.professor-technikus.de\/?attachment_id=1028\" class=\"wp-image-1028\" srcset=\"https:\/\/www.professor-technikus.de\/wp-content\/uploads\/001x-DSC_4202-Buehne-Show-1.jpg 800w, https:\/\/www.professor-technikus.de\/wp-content\/uploads\/001x-DSC_4202-Buehne-Show-1-300x190.jpg 300w, https:\/\/www.professor-technikus.de\/wp-content\/uploads\/001x-DSC_4202-Buehne-Show-1-768x487.jpg 768w\" sizes=\"(max-width: 800px) 100vw, 800px\" \/><\/figure><\/li><li class=\"blocks-gallery-item\"><figure><img loading=\"lazy\" width=\"800\" height=\"531\" src=\"https:\/\/www.professor-technikus.de\/wp-content\/uploads\/003x-DSC_4232-Show-Stadtfest.jpg\" alt=\"\" data-id=\"1029\" data-link=\"https:\/\/www.professor-technikus.de\/?attachment_id=1029\" class=\"wp-image-1029\" srcset=\"https:\/\/www.professor-technikus.de\/wp-content\/uploads\/003x-DSC_4232-Show-Stadtfest.jpg 800w, https:\/\/www.professor-technikus.de\/wp-content\/uploads\/003x-DSC_4232-Show-Stadtfest-300x199.jpg 300w, https:\/\/www.professor-technikus.de\/wp-content\/uploads\/003x-DSC_4232-Show-Stadtfest-768x510.jpg 768w\" sizes=\"(max-width: 800px) 100vw, 800px\" \/><\/figure><\/li><li class=\"blocks-gallery-item\"><figure><img loading=\"lazy\" width=\"800\" height=\"519\" src=\"https:\/\/www.professor-technikus.de\/wp-content\/uploads\/006x-DSC_8339-Show-Museum.jpg\" alt=\"\" data-id=\"1030\" data-full-url=\"https:\/\/www.professor-technikus.de\/wp-content\/uploads\/006x-DSC_8339-Show-Museum.jpg\" data-link=\"https:\/\/www.professor-technikus.de\/?attachment_id=1030\" class=\"wp-image-1030\" srcset=\"https:\/\/www.professor-technikus.de\/wp-content\/uploads\/006x-DSC_8339-Show-Museum.jpg 800w, https:\/\/www.professor-technikus.de\/wp-content\/uploads\/006x-DSC_8339-Show-Museum-300x195.jpg 300w, https:\/\/www.professor-technikus.de\/wp-content\/uploads\/006x-DSC_8339-Show-Museum-768x498.jpg 768w\" sizes=\"(max-width: 800px) 100vw, 800px\" \/><figcaption class=\"blocks-gallery-item__caption\">Fotos: K. Rehse<\/figcaption><\/figure><\/li><\/ul><\/figure>\n\n\n\n<h2 id=\"forscherkurse\">Forscherkurse f\u00fcr Kinder<\/h2>\n\n\n\n<p>Forscherkurse fassen die Experimente zu einem Thema zusammen und werden f\u00fcr eine kleine Kindergruppe (bis 8 Kinder) angeboten. Professor Technikus leitet eine solche Forschergruppe meist allein. Ideal als Angebot zum Beispiel in der Nachmittagsbetreuung. Seit 2008 bieten wir diese Kurse (Dauer 1-2 Stunden) w\u00f6chentlich an einer Grundschule an und haben die unterschiedlichsten technischen Forscherthemen bearbeitet. In diesem Rahmen sind auch sehr gut Programmierkurse f\u00fcr Kinder m\u00f6glich, zum Beispiel Scratch und LEGO\u00ae-Roboter.<br>(Hier finden Sie einige <a rel=\"noreferrer noopener\" href=\"https:\/\/www.professor-technikus.de\/?cat=35\" data-type=\"URL\" data-id=\"https:\/\/www.professor-technikus.de\/?cat=35\" target=\"_blank\">Beispiele f\u00fcr Forscherkurse <\/a>und auch Informationen zu den <a rel=\"noreferrer noopener\" href=\"https:\/\/www.professor-technikus.de\/?page_id=292\" data-type=\"page\" data-id=\"292\" target=\"_blank\">Forscherthemen<\/a>)<\/p>\n\n\n\n<h2 id=\"weiterbildung\">P\u00e4dagogische Tage<\/h2>\n\n\n\n<p>Gern f\u00fchren wir mit Ihrem Kollegium auch einen Weiterbildungstag\/P\u00e4dagogischen Tag zum Thema &#8222;Naturwissenschaft und Technik&#8220; durch. Zu vielen Technikthemen zeigen wir Ihnen nicht nur klassentaugliche Spiele und Experimente mit Alltagsmaterialien, sondern bringen auch viele Ideen f\u00fcr den Sachunterricht mit. Das &#8222;Begreifen&#8220; steht dabei im Mittelpunkt, wir werden mit Ihnen also hier viel bauen, basteln und ausprobieren. Nat\u00fcrlich versorgen wir Sie auch mit Hintergrundmaterial zu den ausgew\u00e4hlten Forscherthemen.<br>Neben den &#8222;klassischen&#8220; Technik-Themen stellen wir Ihnen auch gern informationstechnische Themen vor, u.a. Scratch, Programmierung f\u00fcr Kinder, LEGO\u00ae-Roboter (WeDo\/Boost\/Mindstorms NXT oder EV3) oder Calliope mini.<br>Garantiert ist: Wir werden gemeinsam staunen, viel Spa\u00df haben und viele Impulse f\u00fcr den Schulalltag mitnehmen.<br>(mehr Informationen unter <a rel=\"noreferrer noopener\" href=\"https:\/\/www.professor-technikus.de\/?page_id=930\" data-type=\"page\" data-id=\"930\" target=\"_blank\">Angebote\/P\u00e4dagogische Tagen<\/a>)<\/p>\n\n\n\n<figure class=\"wp-block-gallery columns-3 is-cropped\"><ul class=\"blocks-gallery-grid\"><li class=\"blocks-gallery-item\"><figure><img loading=\"lazy\" width=\"583\" height=\"800\" src=\"https:\/\/www.professor-technikus.de\/wp-content\/uploads\/DSC_9970-Fischertechnik-Auto-2.jpg\" alt=\"\" data-id=\"1031\" data-link=\"https:\/\/www.professor-technikus.de\/?attachment_id=1031\" class=\"wp-image-1031\" srcset=\"https:\/\/www.professor-technikus.de\/wp-content\/uploads\/DSC_9970-Fischertechnik-Auto-2.jpg 583w, https:\/\/www.professor-technikus.de\/wp-content\/uploads\/DSC_9970-Fischertechnik-Auto-2-219x300.jpg 219w\" sizes=\"(max-width: 583px) 100vw, 583px\" \/><\/figure><\/li><li class=\"blocks-gallery-item\"><figure><img loading=\"lazy\" width=\"639\" height=\"800\" src=\"https:\/\/www.professor-technikus.de\/wp-content\/uploads\/DSCN4485-Auto-Rampe-1.jpg\" alt=\"\" data-id=\"1032\" data-link=\"https:\/\/www.professor-technikus.de\/?attachment_id=1032\" class=\"wp-image-1032\" srcset=\"https:\/\/www.professor-technikus.de\/wp-content\/uploads\/DSCN4485-Auto-Rampe-1.jpg 639w, https:\/\/www.professor-technikus.de\/wp-content\/uploads\/DSCN4485-Auto-Rampe-1-240x300.jpg 240w\" sizes=\"(max-width: 639px) 100vw, 639px\" \/><\/figure><\/li><li class=\"blocks-gallery-item\"><figure><img loading=\"lazy\" width=\"800\" height=\"800\" src=\"https:\/\/www.professor-technikus.de\/wp-content\/uploads\/DSCN4482-Fischertechnik-Auto-1.jpg\" alt=\"\" data-id=\"1033\" data-full-url=\"https:\/\/www.professor-technikus.de\/wp-content\/uploads\/DSCN4482-Fischertechnik-Auto-1.jpg\" data-link=\"https:\/\/www.professor-technikus.de\/?attachment_id=1033\" class=\"wp-image-1033\" srcset=\"https:\/\/www.professor-technikus.de\/wp-content\/uploads\/DSCN4482-Fischertechnik-Auto-1.jpg 800w, https:\/\/www.professor-technikus.de\/wp-content\/uploads\/DSCN4482-Fischertechnik-Auto-1-300x300.jpg 300w, https:\/\/www.professor-technikus.de\/wp-content\/uploads\/DSCN4482-Fischertechnik-Auto-1-150x150.jpg 150w, https:\/\/www.professor-technikus.de\/wp-content\/uploads\/DSCN4482-Fischertechnik-Auto-1-768x768.jpg 768w\" sizes=\"(max-width: 800px) 100vw, 800px\" \/><figcaption class=\"blocks-gallery-item__caption\">Fotos: C. Krause<\/figcaption><\/figure><\/li><\/ul><\/figure>\n\n\n\n<h2 id=\"projekttag\">Projekttage \/ Projektwochen<\/h2>\n\n\n\n<p>Zur Hochform laufen wir auf, wenn Sie f\u00fcr eine ganze Klasse, eine Jahrgangsstufe oder die komplette Schule einen Projekttag bzw. eine Projektwoche zum Thema Technik planen. <br>Wir versorgen Sie mit klassentauglichen Experiment-Stationen zu \u00fcbergreifenden Themen. Dazu richten wir in Ihrer Schule Themenr\u00e4ume ein, die die Sch\u00fclergruppen\/Schulklassen im Wechsel durchlaufen. An den Folgetagen kann in den Wunschthemen tiefer geforscht werden.<br>Nat\u00fcrlich haben wir alle Technik-Themen so aufbereitet, dass alle Beteiligten (Sch\u00fcler, Lehrer, Eltern, etc.) Spass an den technischen Experimenten haben und viel Spannendes erleben.<br>Der ideale H\u00f6hepunkt einer solchen Projektwoche ist eine gro\u00dfe Forschershow. Hier sind alle Kinder beteiligt und zeigen dem Publikum, z.B. der ganzen Familie, was sie in der Woche Spannendes erlebt und gelernt haben.<br>(mehr Informationen unter <a rel=\"noreferrer noopener\" href=\"https:\/\/www.professor-technikus.de\/?page_id=957\" data-type=\"page\" data-id=\"957\" target=\"_blank\">Angebote\/Projektwochen<\/a>)<\/p>\n\n\n\n<figure class=\"wp-block-gallery columns-3 is-cropped\"><ul class=\"blocks-gallery-grid\"><li class=\"blocks-gallery-item\"><figure><img loading=\"lazy\" width=\"800\" height=\"590\" src=\"https:\/\/www.professor-technikus.de\/wp-content\/uploads\/DSC_9969-cut-Autolenken.jpg\" alt=\"\" data-id=\"1034\" data-link=\"https:\/\/www.professor-technikus.de\/?attachment_id=1034\" class=\"wp-image-1034\" srcset=\"https:\/\/www.professor-technikus.de\/wp-content\/uploads\/DSC_9969-cut-Autolenken.jpg 800w, https:\/\/www.professor-technikus.de\/wp-content\/uploads\/DSC_9969-cut-Autolenken-300x221.jpg 300w, https:\/\/www.professor-technikus.de\/wp-content\/uploads\/DSC_9969-cut-Autolenken-768x566.jpg 768w\" sizes=\"(max-width: 800px) 100vw, 800px\" \/><\/figure><\/li><li class=\"blocks-gallery-item\"><figure><img loading=\"lazy\" width=\"800\" height=\"593\" src=\"https:\/\/www.professor-technikus.de\/wp-content\/uploads\/DSC_9197-Iglu.jpg\" alt=\"\" data-id=\"1035\" data-link=\"https:\/\/www.professor-technikus.de\/?attachment_id=1035\" class=\"wp-image-1035\" srcset=\"https:\/\/www.professor-technikus.de\/wp-content\/uploads\/DSC_9197-Iglu.jpg 800w, https:\/\/www.professor-technikus.de\/wp-content\/uploads\/DSC_9197-Iglu-300x222.jpg 300w, https:\/\/www.professor-technikus.de\/wp-content\/uploads\/DSC_9197-Iglu-768x569.jpg 768w\" sizes=\"(max-width: 800px) 100vw, 800px\" \/><\/figure><\/li><li class=\"blocks-gallery-item\"><figure><img loading=\"lazy\" width=\"800\" height=\"633\" src=\"https:\/\/www.professor-technikus.de\/wp-content\/uploads\/DSC_3827-Bauen.jpg\" alt=\"\" data-id=\"1036\" data-link=\"https:\/\/www.professor-technikus.de\/?attachment_id=1036\" class=\"wp-image-1036\" srcset=\"https:\/\/www.professor-technikus.de\/wp-content\/uploads\/DSC_3827-Bauen.jpg 800w, https:\/\/www.professor-technikus.de\/wp-content\/uploads\/DSC_3827-Bauen-300x237.jpg 300w, https:\/\/www.professor-technikus.de\/wp-content\/uploads\/DSC_3827-Bauen-768x608.jpg 768w\" sizes=\"(max-width: 800px) 100vw, 800px\" \/><\/figure><\/li><li class=\"blocks-gallery-item\"><figure><img loading=\"lazy\" width=\"800\" height=\"530\" src=\"https:\/\/www.professor-technikus.de\/wp-content\/uploads\/004x-DSC_4335-Aula-Show-2.jpg\" alt=\"\" data-id=\"1037\" data-full-url=\"https:\/\/www.professor-technikus.de\/wp-content\/uploads\/004x-DSC_4335-Aula-Show-2.jpg\" data-link=\"https:\/\/www.professor-technikus.de\/?attachment_id=1037\" class=\"wp-image-1037\" srcset=\"https:\/\/www.professor-technikus.de\/wp-content\/uploads\/004x-DSC_4335-Aula-Show-2.jpg 800w, https:\/\/www.professor-technikus.de\/wp-content\/uploads\/004x-DSC_4335-Aula-Show-2-300x199.jpg 300w, https:\/\/www.professor-technikus.de\/wp-content\/uploads\/004x-DSC_4335-Aula-Show-2-768x509.jpg 768w\" sizes=\"(max-width: 800px) 100vw, 800px\" \/><figcaption class=\"blocks-gallery-item__caption\">Fotos: C. Krause u. K. Rehse<\/figcaption><\/figure><\/li><\/ul><\/figure>\n","protected":false},"excerpt":{"rendered":"<p>Grundlage aller unserer Forscher-Angebote sind nat\u00fcrlich die Experimente. Spa\u00df am Spielen, Staunen, Humor und Ausprobieren stehen dabei an erster Stelle.Unsere weit \u00fcber 100 Experimente &#8230; sind kind- bzw. altersgerecht ausgew\u00e4hlt und aufbereitet sind einfallsreich und abwechslungsreich sind verspielt und witzig besch\u00e4ftigen sich mit spannenden Themen haben einen hohen Aufforderungscharakter verwenden viele Alltagsmaterialien und Spielzeuge, sind&hellip; <a class=\"more-link\" href=\"https:\/\/www.professor-technikus.de\/?page_id=863\"><span class=\"screen-reader-text\">Unsere Angebote<\/span> weiterlesen<\/a><\/p>\n","protected":false},"author":1,"featured_media":0,"parent":0,"menu_order":0,"comment_status":"closed","ping_status":"closed","template":"","meta":[],"_links":{"self":[{"href":"https:\/\/www.professor-technikus.de\/index.php?rest_route=\/wp\/v2\/pages\/863"}],"collection":[{"href":"https:\/\/www.professor-technikus.de\/index.php?rest_route=\/wp\/v2\/pages"}],"about":[{"href":"https:\/\/www.professor-technikus.de\/index.php?rest_route=\/wp\/v2\/types\/page"}],"author":[{"embeddable":true,"href":"https:\/\/www.professor-technikus.de\/index.php?rest_route=\/wp\/v2\/users\/1"}],"replies":[{"embeddable":true,"href":"https:\/\/www.professor-technikus.de\/index.php?rest_route=%2Fwp%2Fv2%2Fcomments&post=863"}],"version-history":[{"count":17,"href":"https:\/\/www.professor-technikus.de\/index.php?rest_route=\/wp\/v2\/pages\/863\/revisions"}],"predecessor-version":[{"id":1043,"href":"https:\/\/www.professor-technikus.de\/index.php?rest_route=\/wp\/v2\/pages\/863\/revisions\/1043"}],"wp:attachment":[{"href":"https:\/\/www.professor-technikus.de\/index.php?rest_route=%2Fwp%2Fv2%2Fmedia&parent=863"}],"curies":[{"name":"wp","href":"https:\/\/api.w.org\/{rel}","templated":true}]}}