{"id":530,"date":"2015-09-25T15:45:58","date_gmt":"2015-09-25T13:45:58","guid":{"rendered":"http:\/\/www.professor-technikus.de\/?page_id=530"},"modified":"2015-09-26T13:05:58","modified_gmt":"2015-09-26T11:05:58","slug":"ueber-uns","status":"publish","type":"page","link":"https:\/\/www.professor-technikus.de\/?page_id=530","title":{"rendered":"\u00dcber uns"},"content":{"rendered":"<p>Lernen Sie uns hier ein bisschen n\u00e4her kennen und erfahren Sie, wer hinter &#8222;KNuT-kommt&#8220; steht:<\/p>\n<p><a href=\"http:\/\/www.professor-technikus.de\/?page_id=375\"><strong>\u00dcBER PROF. TECHNIKUS<\/strong><\/a><br \/>\nAuf der Seite &#8222;<a href=\"http:\/\/www.professor-technikus.de\/?page_id=375\">\u00dcber Prof. Technikus<\/a>&#8220; gibt es eine kurze Beschreibung der Entstehungsgeschichte der Forscherkurse f\u00fcr Kinder und der Mitmachvortr\u00e4ge.<\/p>\n<p><strong><a href=\"http:\/\/www.professor-technikus.de\/?page_id=482\">BERUFLICHER HINTERGRUND<\/a><\/strong><br \/>\nWer noch mehr wissen m\u00f6chte, kann etwas \u00fcber den &#8222;<a href=\"http:\/\/www.professor-technikus.de\/?page_id=482\">Beruflichen Hintergrund<\/a>&#8220; von Carsten Krause erfahren: Vom Maschinenbaustudium \u00fcber die Robotik bis zum Weiterbildungsexperten.<\/p>\n<p><strong><a href=\"http:\/\/www.professor-technikus.de\/?page_id=488\">DIE EIGENE NEUGIER<\/a><\/strong><br \/>\nNoch nicht genug? Unter &#8222;<a href=\"http:\/\/www.professor-technikus.de\/?page_id=488\">Die eigene Neugier<\/a>&#8220; gibt es einige Details \u00fcber die Fortbildungen, Auszeichnungen und privaten Interessen von Carsten Krause nachzulesen.<\/p>\n<p><strong><a href=\"http:\/\/www.professor-technikus.de\/?page_id=507\">REFERENZEN<\/a><\/strong><br \/>\nAbschlie\u00dfend finden Sie unter &#8222;<a href=\"http:\/\/www.professor-technikus.de\/?page_id=507\">Referenzen&#8220;<\/a>, was andere \u00fcber &#8222;Professor Technikus&#8220; und &#8222;KNuT-kommt&#8220; sagen.<\/p>\n","protected":false},"excerpt":{"rendered":"<p>Lernen Sie uns hier ein bisschen n\u00e4her kennen und erfahren Sie, wer hinter &#8222;KNuT-kommt&#8220; steht: \u00dcBER PROF. TECHNIKUS Auf der Seite &#8222;\u00dcber Prof. Technikus&#8220; gibt es eine kurze Beschreibung der Entstehungsgeschichte der Forscherkurse f\u00fcr Kinder und der Mitmachvortr\u00e4ge. BERUFLICHER HINTERGRUND Wer noch mehr wissen m\u00f6chte, kann etwas \u00fcber den &#8222;Beruflichen Hintergrund&#8220; von Carsten Krause erfahren:&hellip; <a class=\"more-link\" href=\"https:\/\/www.professor-technikus.de\/?page_id=530\"><span class=\"screen-reader-text\">\u00dcber uns<\/span> weiterlesen<\/a><\/p>\n","protected":false},"author":1,"featured_media":0,"parent":0,"menu_order":4,"comment_status":"closed","ping_status":"closed","template":"","meta":[],"_links":{"self":[{"href":"https:\/\/www.professor-technikus.de\/index.php?rest_route=\/wp\/v2\/pages\/530"}],"collection":[{"href":"https:\/\/www.professor-technikus.de\/index.php?rest_route=\/wp\/v2\/pages"}],"about":[{"href":"https:\/\/www.professor-technikus.de\/index.php?rest_route=\/wp\/v2\/types\/page"}],"author":[{"embeddable":true,"href":"https:\/\/www.professor-technikus.de\/index.php?rest_route=\/wp\/v2\/users\/1"}],"replies":[{"embeddable":true,"href":"https:\/\/www.professor-technikus.de\/index.php?rest_route=%2Fwp%2Fv2%2Fcomments&post=530"}],"version-history":[{"count":7,"href":"https:\/\/www.professor-technikus.de\/index.php?rest_route=\/wp\/v2\/pages\/530\/revisions"}],"predecessor-version":[{"id":554,"href":"https:\/\/www.professor-technikus.de\/index.php?rest_route=\/wp\/v2\/pages\/530\/revisions\/554"}],"wp:attachment":[{"href":"https:\/\/www.professor-technikus.de\/index.php?rest_route=%2Fwp%2Fv2%2Fmedia&parent=530"}],"curies":[{"name":"wp","href":"https:\/\/api.w.org\/{rel}","templated":true}]}}