{"id":507,"date":"2015-08-31T20:36:29","date_gmt":"2015-08-31T18:36:29","guid":{"rendered":"http:\/\/www.professor-technikus.de\/?page_id=507"},"modified":"2025-06-09T13:38:45","modified_gmt":"2025-06-09T11:38:45","slug":"referenzen","status":"publish","type":"page","link":"https:\/\/www.professor-technikus.de\/?page_id=507","title":{"rendered":"Referenzen"},"content":{"rendered":"<p>Als Professor Technikus und unter dem Motto &#8222;KNuT-kommt&#8220; habe ich schon viele Kinder-Forscherkurse, Mitmachvortr\u00e4ge, B\u00fchnenauftritte, Lehrerworkshops durchgef\u00fchrt u.a. f\u00fcr:<\/p>\n<ul>\n<li>Grundschule Millrath (regelm\u00e4\u00dfig seit 2008)<\/li>\n<li>Gemeinschaftsgrundschule Tonstra\u00dfe, Duisburg<\/li>\n<li>F\u00f6rderschule Friedrich-Fr\u00f6bel-Schule Erkrath<\/li>\n<li>Deutsches Museum Bonn: Museumsmeilenfest und Rheinisches Lesefest \u201eK\u00e4pt\u00b4n Book\u201c (regelm\u00e4\u00dfig seit 2010)<\/li>\n<li>Tag der Technik 2013, Bremen<\/li>\n<li>Tag der Technik 2012, Hennef<\/li>\n<li>Flughafen D\u00fcsseldorf<\/li>\n<li>Lokschuppen Erkrath-Hochdahl<\/li>\n<li>Messe Frankfurt (ISH)<\/li>\n<li>Heidepark Soltau (VDIni-Clubtreffen)<\/li>\n<li>Sommerfest Hochdahler Markt<\/li>\n<li>VDI Ruhrbezirksverein<\/li>\n<\/ul>\n<figure style=\"width: 451px\" class=\"wp-caption aligncenter\"><a href=\"http:\/\/www.krause-rehse.de\/images\/blogimages\/leonardo.jpg\" target=\"_blank\" rel=\"noopener\"><img loading=\"lazy\" class=\"\" src=\"http:\/\/www.krause-rehse.de\/images\/blogimages\/leonardo.jpg\" alt=\"Professor Technikus baut eine Leonardobr\u00fccke beim Schulfest einer Grundschule\" width=\"451\" height=\"314\" \/><\/a><figcaption class=\"wp-caption-text\">Leonardobr\u00fccke beim Schulfest &#8211; Foto K. Rehse<\/figcaption><\/figure>\n<p>&#8222;&#8230; <em>Auch in Ihrer B\u00fchnenrolle als &#8222;Professor Technikus&#8220; haben Sie bei vielen Gelegenheiten den VDIni-Club unterst\u00fctzt. Ihre Forschershows, von denen ich mehrere pers\u00f6nlich miterleben durfte, zeichnen sich durch hohe Interaktion mit dem Publikum, attraktive Experimente, sehr gro\u00dfe Beteiligung der kleinen und gro\u00dfen Zuschauer und viel Humor aus&#8230;<\/em>&#8222;<br \/><strong>Februar 2013, Dr.-Ing. Willi Fuchs, Direktor des VDI<\/strong> (Verein Deutscher Ingenieure)<\/p>\n<figure style=\"width: 424px\" class=\"wp-caption aligncenter\"><a href=\"http:\/\/www.krause-rehse.de\/images\/blogimages\/gedankenlesen.jpg\" target=\"_blank\" rel=\"noopener\"><img loading=\"lazy\" src=\"http:\/\/www.krause-rehse.de\/images\/blogimages\/gedankenlesen.jpg\" alt=\"Die Gedankenlesemaschine von Professor Technikus\" width=\"424\" height=\"275\" \/><\/a><figcaption class=\"wp-caption-text\">Die Gedankenlesemaschine &#8211; Foto: K. Rehse<\/figcaption><\/figure>\n<p>&#8222;<em>&#8230;In Ihrer einzigartigen Art und Weise gelingt es Ihnen immer wieder, Ihr Publikum jeden Alters mit Ihren Mitmachvortr\u00e4gen und naturwissenschaftlichen Versuchen in den Bann zu ziehen. Besonders die Kinder sind begeistert von Ihren Vorf\u00fchrungen mit Experimenten aus dem Alltag, die Sie f\u00fcr sie verst\u00e4ndlich pr\u00e4sentieren und erkl\u00e4ren. Sie beziehen stets auf besonders charmante Weise das Publikum mit ein. Ihnen gelingt es, Unterhaltung und Naturwissenschaften auf besondere Weise zu verbinden &#8211; im besten<\/em><em> Sinne des Wortes eine gute Show&#8230;<\/em>&#8222;<br \/><strong>M\u00e4rz 2013, Dr. Andrea Niehaus, Leiterin des Deutschen Museums Bonn<\/strong><\/p>\n<figure style=\"width: 416px\" class=\"wp-caption aligncenter\"><a href=\"http:\/\/www.krause-rehse.de\/images\/blogimages\/windel.jpg\" target=\"_blank\" rel=\"noopener\"><img loading=\"lazy\" class=\"\" src=\"http:\/\/www.krause-rehse.de\/images\/blogimages\/windel.jpg\" alt=\"Professor Technikus erforscht Superabsorber in Windeln\" width=\"416\" height=\"333\" \/><\/a><figcaption class=\"wp-caption-text\">Wieviel Fl\u00fcssigkeit passt in eine Windel? &#8211; Foto: K. Rehse<\/figcaption><\/figure>\n<p>&#8222;<em>&#8230;Schnell ist sie vergangen, die Projektwoche &#8222;KNuT-kommt&#8220; an unserer Schule. Aber das ist auch kein Wunder, denn das Forscherteam unter der Leitung von Herrn Dr. Carsten Krause hatte f\u00fcr die Sch\u00fclerinnen und Sch\u00fcler ingesamt 98 Experimente vorbereitet, die die Kinder in unterschiedlichen Gruppen ausprobieren konnten. Langeweile konnte gar nicht aufkommen &#8230;<\/em><em> Doch das Beste kam &#8211; wie es sich geh\u00f6rt &#8211; zum Schluss. Am darauffolgenden Samstag versammelte sich die Schulgemeinde in zwei unterschiedlichen Auff\u00fchrungen f\u00fcr die XXL-Wissenschaftsshow. Hier hat jedes Kind seine Aufgabe und keiner der Eltern und geladenen G\u00e4ste konnte sich gem\u00fctlich zur\u00fccklehnen und schauen. Nein, alle machten mit &#8230; <\/em><em>Vielleicht trug diese Erfahrung dazu bei, dass Eltern und Kinder wieder mehr den Fernseher oder den PC auslassen und selbst auf Forschertour gehen. Dass das viel spannender sein kann, haben an diesem Morgen mit Sicherheit alle erfahren&#8230;<\/em>&#8222;<br \/><strong>M\u00e4rz 2013, U. Winz, Schulleiterin Grundschule Millrath<\/strong><\/p>\n<figure style=\"width: 451px\" class=\"wp-caption aligncenter\"><a href=\"http:\/\/www.krause-rehse.de\/images\/blogimages\/maus.jpg\" target=\"_blank\" rel=\"noopener\"><img loading=\"lazy\" class=\"\" src=\"http:\/\/www.krause-rehse.de\/images\/blogimages\/maus.jpg\" alt=\"Auf der Mausb\u00fchne auf dem Flughafenfest D\u00fcsseldorf\" width=\"451\" height=\"357\" \/><\/a><figcaption class=\"wp-caption-text\">Professor Technikus trifft Singa vom KiKa &#8211; Foto: T. Wollstein<\/figcaption><\/figure>\n<p>&#8222;<em>&#8230;Im Namen des Kollegiums m\u00f6chte ich mich noch einmal f\u00fcr den anregenden Lehrerworkshop\u00a0 bedanken. Die ausgew\u00e4hlten Themenbereiche Br\u00fccken, Hausbau, Auto, Murmelbahn, Flipper lassen sich bei uns in allen Altersstufen umsetzen. Die Bereitstellung des umfangreichen Materials durch Sie hat es erm\u00f6glicht, dass wir als Lehrer\/innen konkrete eigene Erfahrungen mit den Aufgabenstellungen machen konnten. Auch der Einsatz von kosteng\u00fcnstigen \u201eAlltagsmaterialien\u201c erleichtert die Umsetzung in Projekten f\u00fcr die Sch\u00fcler\/innen&#8230;<\/em>&#8222;<br \/><strong>Oktober 2014, B. Sch\u00fcmmelfeder-Wanek, Schulleiterin Friedrich-Fr\u00f6bel-Schule Erkrath<\/strong><\/p>\n<figure style=\"width: 459px\" class=\"wp-caption aligncenter\"><a href=\"http:\/\/www.krause-rehse.de\/images\/blogimages\/rakete\" target=\"_blank\" rel=\"noopener\"><img loading=\"lazy\" class=\"\" src=\"http:\/\/www.krause-rehse.de\/images\/blogimages\/rakete\" alt=\"Professor Technikus im Heidepark Soltau beim Raketenversuch\" width=\"459\" height=\"398\" \/><\/a><figcaption class=\"wp-caption-text\">Raketenbau im Heidepark Soltau &#8211; Foto: K. Rehse<\/figcaption><\/figure>\n<p><strong>Stimmen der Lehrerinnen und Lehrer nach einer Projektwoche:<\/strong><\/p>\n<p><em>&#8230;gut organisiert und strukturiert&#8230;<\/em><br \/><em>&#8230;anregend und besonders kindgem\u00e4\u00df&#8230;<\/em><br \/><em>&#8230;kreativ und vielf\u00e4ltig&#8230;<\/em><br \/><em> &#8230;interessant- auch f\u00fcr uns LehrerInnen&#8230;<\/em><br \/><em>&#8230;weckte Neugierde und Forschersinn&#8230;<\/em><br \/><em> &#8230;wir w\u00fcrden wieder buchen&#8230;<\/em><br \/><em>&#8230;aufw\u00e4ndig vorbereitet, nettes Team&#8230;<\/em><\/p>\n\n\n<p><strong>Lehrerinnen- und Lehrer-Stimmen nach Workshops bzw. P\u00e4dagogischen Tagen:<\/strong><\/p>\n\n\n\n<p><em>Anregender Lehrerworkshop mit viel bereitgestelltem Material\/Alltagsmaterial, Kollegium konnte viel ausprobieren und eigene Erfahrungen sammeln, gut strukturiert und aufw\u00e4ndig organisiert, nettes, flexibles Team<\/em><\/p>\n\n\n\n<p><em>Sehr handlungsorientierte und praxisnahe Fortbildung, mit vielen Tipps f\u00fcr die direkte Umsetzung. Kurzweilig.<\/em><\/p>\n\n\n\n<p><em>Besonders beeindruckend war die Menge an bereitgestelltem Material, sowohl f\u00fcr den Workshop selbst als auch die Ideen der<\/em> <em>Nutzung von Alltagsmaterialien f\u00fcr den sp\u00e4teren Gebrauch im Unterricht. Die Vielfalt an Materialien hat uns erm\u00f6glicht, verschiedene Methoden und Ans\u00e4tze auszuprobieren und dabei eigene Erfahrungen zu sammeln. Zudem m\u00f6chte ich mich f\u00fcr die F\u00fclle an weiterf\u00fchrenden Informationen und Tipps bedanken, die wir erhalten haben. Es war sehr kurzweilig.<\/em><\/p>\n\n\n\n<p><em>Die technischen und naturwissenschaftlichen Hintergr\u00fcnde wurden sehr verst\u00e4ndlich und anschaulich erkl\u00e4rt.<\/em><\/p>\n\n\n\n<p><em>Toller und anschaulicher Einblick in sehr komplexe Themen durch die M\u00f6glichkeit, auszuprobieren und zu experimentieren, viele Anregungen zur Umsetzung im eigenen Unterricht.<\/em><\/p>\n\n\n\n<p><em>Sehr praxisnaher Kurs mit tollen anschaulichen Materialien und guten Tipps zur Umsetzung im eigenen Unterricht!<\/em><\/p>\n\n\n\n<p><em>Herr Krause hat uns viele praxisnahe Ideen vorgestellt, wie auch mit <\/em>A<em>lltagsmaterialien Versuche gelingen k\u00f6nnen, bei denen er eigentlich strukturierte Materialien, Bauk\u00e4sten etc. einsetzt. So lassen sich Ideen gut und kreativ auf andere technische Themen \u00fcbertragen.<\/em><\/p>\n\n\n\n<p><em>Kreative Ideen, wie komplexe technische Themen anschaulich und mithilfe von Alltagsmaterialien hergestellt und dargestellt werden k\u00f6nnen.<\/em><\/p>\n\n\n\n<p><em>Lieber Herr Krause, wir haben einige Eindr\u00fccke unserer Kolleginnen und Kollegen kurz nach der Durchf\u00fchrung des Lehrerworkshops festgehalten (s.u.) \u2013 diese sprechen f\u00fcr sich und wir m\u00f6chten uns noch einmal sehr herzlich bei Ihnen bedanken f\u00fcr diesen so interessanten, handlungsorientierten und abwechslungsreichen Tag \u2013 wir haben viele Erfahrungen sammeln k\u00f6nnen und nehmen viele gute, kreative und direkt umsetzbare Tipps und Ideen mit in die Planung unserer Projektwoche zum Thema \u201eExperimentieren\u201c.<\/em><\/p>\n\n\n\n<p><em>Die Auswahl der Themen \u201eFlugzeug\u201c, \u201eMurmelbahn\u201c, \u201eHausbau\/Statik\u201c und \u201eZahnr\u00e4der\/einfache Maschinen\u201c hat sich als sehr gelungen herausgestellt \u2013 f\u00fcr jeden Jahrgang ist etwas denkbar. Die Bereitstellung des von Ihnen mitgebrachten Materials in Kombination mit von uns im Vorfeld gesammelten Alltagsmaterialien hat uns vielf\u00e4ltige, kreative Auseinandersetzung und praktisches Erproben mit der Thematik erm\u00f6glicht. Super waren die angebotenen Stationen, an denen wir zu den vier Themen ganz handlungsorientiert experimentieren durften \u2013 das hat uns allen viel Spa\u00df gemacht und es wurde auch viel gelacht.<\/em><\/p>\n\n\n\n<p><em>Im Vorfeld der Ganztagskonferenz konnten wir uns mit von Ihnen bereitgestellten Themenheften mit den technischen und naturwissenschaftlichen Hintergr\u00fcnden zum Thema befassen.<\/em><\/p>\n\n\n\n<p><em>Die Kommunikation mit Ihnen zur Planung unserer Ganztagskonferenz war sehr angenehm und zuverl\u00e4ssig. Bei unseren W\u00fcnschen und Vorstellungen waren Sie flexibel, sind auf uns zugegangen, wo Sie konnten und haben auch gezeigt, was machbar ist \u2013 danke!<\/em><\/p>\n\n\n\n<p><em>Wir sind froh, diesen Tag mit Ihnen geforscht zu haben und w\u00fcrden es immer wieder tun! \ud83d\ude0a<\/em><\/p>\n","protected":false},"excerpt":{"rendered":"<p>Als Professor Technikus und unter dem Motto &#8222;KNuT-kommt&#8220; habe ich schon viele Kinder-Forscherkurse, Mitmachvortr\u00e4ge, B\u00fchnenauftritte, Lehrerworkshops durchgef\u00fchrt u.a. f\u00fcr: Grundschule Millrath (regelm\u00e4\u00dfig seit 2008) Gemeinschaftsgrundschule Tonstra\u00dfe, Duisburg F\u00f6rderschule Friedrich-Fr\u00f6bel-Schule Erkrath Deutsches Museum Bonn: Museumsmeilenfest und Rheinisches Lesefest \u201eK\u00e4pt\u00b4n Book\u201c (regelm\u00e4\u00dfig seit 2010) Tag der Technik 2013, Bremen Tag der Technik 2012, Hennef Flughafen D\u00fcsseldorf Lokschuppen&hellip; <a class=\"more-link\" href=\"https:\/\/www.professor-technikus.de\/?page_id=507\"><span class=\"screen-reader-text\">Referenzen<\/span> weiterlesen<\/a><\/p>\n","protected":false},"author":1,"featured_media":0,"parent":530,"menu_order":7,"comment_status":"closed","ping_status":"closed","template":"","meta":[],"_links":{"self":[{"href":"https:\/\/www.professor-technikus.de\/index.php?rest_route=\/wp\/v2\/pages\/507"}],"collection":[{"href":"https:\/\/www.professor-technikus.de\/index.php?rest_route=\/wp\/v2\/pages"}],"about":[{"href":"https:\/\/www.professor-technikus.de\/index.php?rest_route=\/wp\/v2\/types\/page"}],"author":[{"embeddable":true,"href":"https:\/\/www.professor-technikus.de\/index.php?rest_route=\/wp\/v2\/users\/1"}],"replies":[{"embeddable":true,"href":"https:\/\/www.professor-technikus.de\/index.php?rest_route=%2Fwp%2Fv2%2Fcomments&post=507"}],"version-history":[{"count":8,"href":"https:\/\/www.professor-technikus.de\/index.php?rest_route=\/wp\/v2\/pages\/507\/revisions"}],"predecessor-version":[{"id":1111,"href":"https:\/\/www.professor-technikus.de\/index.php?rest_route=\/wp\/v2\/pages\/507\/revisions\/1111"}],"up":[{"embeddable":true,"href":"https:\/\/www.professor-technikus.de\/index.php?rest_route=\/wp\/v2\/pages\/530"}],"wp:attachment":[{"href":"https:\/\/www.professor-technikus.de\/index.php?rest_route=%2Fwp%2Fv2%2Fmedia&parent=507"}],"curies":[{"name":"wp","href":"https:\/\/api.w.org\/{rel}","templated":true}]}}