{"id":375,"date":"2014-10-22T15:51:25","date_gmt":"2014-10-22T14:51:25","guid":{"rendered":"http:\/\/www.professor-technikus.de\/?page_id=375"},"modified":"2021-01-26T10:49:39","modified_gmt":"2021-01-26T09:49:39","slug":"ueber-professor-technikus","status":"publish","type":"page","link":"https:\/\/www.professor-technikus.de\/?page_id=375","title":{"rendered":"\u00dcber Prof. Technikus"},"content":{"rendered":"<figure style=\"width: 280px\" class=\"wp-caption alignleft\"><img loading=\"lazy\" class=\"\" src=\"http:\/\/www.krause-rehse.de\/images\/blogimages\/prof-technikus.jpg\" alt=\"Prof. Technikus alias Carsten Krause\" width=\"280\" height=\"288\" \/><figcaption class=\"wp-caption-text\">Prof. Technikus alias Carsten Krause &#8211; Foto K. Rehse<\/figcaption><\/figure>\n<p>Hinter \u201e<strong>KNuT-kommt<\/strong>\u201c und hinter der Rolle des \u201e<strong>Professor Technikus<\/strong>\u201c steht der promovierte Ingenieur Carsten Krause. Er lebt mit seiner Frau und seinen drei Kindern in Erkrath, direkt in der N\u00e4he des Neandertals.<\/p>\n<p><strong>Kindgerechte Forscherkurse<\/strong><br \/>\nSeit 2008 ist Carsten Krause aktiv, um Grundschulkindern Naturwissenschaft und Technik in Forscherkursen n\u00e4her zu bringen. Angefangen hat alles ganz harmlos: Damals gab es im schuleigenen Nachmittagsprogramm leider kein naturwissenschaftliches Angebot. Die Schulleiterin antwortete auf die entsprechende Anfrage mit einem folgenreichen Vorschlag: \u201eDann bieten Sie doch selber einen Forscherkurs f\u00fcr die Kinder an!\u201c<br \/>\nBis heute findet immer noch &#8211; in der Regel einmal in der Woche &#8211; an der Grundschule ein Forscherkurs mit \u201eProfessor Technikus\u201c statt, in dem die Kinder den unterschiedlichsten <a href=\"http:\/\/www.professor-technikus.de\/?page_id=292\">Fragen rund um Technik<\/a> nachgehen.<\/p>\n<p><strong>Mitmachvortr\u00e4ge<\/strong><br \/>\nSeine Erfahrung mit der kindgerechten Aufbereitung von technischen Themen bringt Carsten Krause in der Rolle als Professor Technikus auch in vielen Mitmach-Vortr\u00e4gen ein, z.B. bei Museumsfesten, auf Messen, beim Tag der Technik, bei Schulfesten, P\u00e4dagogischen Tagen oder Veranstaltungen des VDI (Verein Deutscher Ingenieure).<br \/>\nEr ist zudem Mitglied des P\u00e4dagogischen Beirates des Kinder-Technik-Clubs des VDI, dem <a href=\"http:\/\/www.vdini-club.de\" target=\"_blank\" rel=\"noopener\">VDIni-Club<\/a>, und unterst\u00fctzt diesen aktiv seit der Gr\u00fcndung 2009.<\/p>\n<p><strong>B\u00fchnen- und Veranstaltungserfahrung<\/strong><br \/>\nHeute hauptberuflich im Weiterbildungs- und Veranstaltungsbereich unterwegs (s.u.), hat Carsten Krause auch schon w\u00e4hrend des Studiums umfangreiche Erfahrungen mit Shows und B\u00fchne gemacht. So gab es unter seiner Leitung eines Studentenkinos regelm\u00e4\u00dfig Live-Events wie z.B. die Rocky Horror Picture Show. Als Teil des Jongleur-Duos \u201eFix &amp; Fertig\u201c war er ebenfalls auf Stra\u00dfe und B\u00fchne erfolgreich unterwegs.<\/p>\n<p>Wer partout noch mehr wissen m\u00f6chte: <a href=\"http:\/\/www.professor-technikus.de\/?page_id=482\">Beruflicher Hintergrund<\/a><\/p>\n<p>oder hier: <a href=\"http:\/\/www.professor-technikus.de\/?page_id=507\">Referenzen<\/a><\/p>\n","protected":false},"excerpt":{"rendered":"<p>Hinter \u201eKNuT-kommt\u201c und hinter der Rolle des \u201eProfessor Technikus\u201c steht der promovierte Ingenieur Carsten Krause. Er lebt mit seiner Frau und seinen drei Kindern in Erkrath, direkt in der N\u00e4he des Neandertals. Kindgerechte Forscherkurse Seit 2008 ist Carsten Krause aktiv, um Grundschulkindern Naturwissenschaft und Technik in Forscherkursen n\u00e4her zu bringen. Angefangen hat alles ganz harmlos:&hellip; <a class=\"more-link\" href=\"https:\/\/www.professor-technikus.de\/?page_id=375\"><span class=\"screen-reader-text\">\u00dcber Prof. Technikus<\/span> weiterlesen<\/a><\/p>\n","protected":false},"author":2,"featured_media":0,"parent":530,"menu_order":1,"comment_status":"closed","ping_status":"closed","template":"","meta":[],"_links":{"self":[{"href":"https:\/\/www.professor-technikus.de\/index.php?rest_route=\/wp\/v2\/pages\/375"}],"collection":[{"href":"https:\/\/www.professor-technikus.de\/index.php?rest_route=\/wp\/v2\/pages"}],"about":[{"href":"https:\/\/www.professor-technikus.de\/index.php?rest_route=\/wp\/v2\/types\/page"}],"author":[{"embeddable":true,"href":"https:\/\/www.professor-technikus.de\/index.php?rest_route=\/wp\/v2\/users\/2"}],"replies":[{"embeddable":true,"href":"https:\/\/www.professor-technikus.de\/index.php?rest_route=%2Fwp%2Fv2%2Fcomments&post=375"}],"version-history":[{"count":8,"href":"https:\/\/www.professor-technikus.de\/index.php?rest_route=\/wp\/v2\/pages\/375\/revisions"}],"predecessor-version":[{"id":847,"href":"https:\/\/www.professor-technikus.de\/index.php?rest_route=\/wp\/v2\/pages\/375\/revisions\/847"}],"up":[{"embeddable":true,"href":"https:\/\/www.professor-technikus.de\/index.php?rest_route=\/wp\/v2\/pages\/530"}],"wp:attachment":[{"href":"https:\/\/www.professor-technikus.de\/index.php?rest_route=%2Fwp%2Fv2%2Fmedia&parent=375"}],"curies":[{"name":"wp","href":"https:\/\/api.w.org\/{rel}","templated":true}]}}